{"id":785,"date":"2019-03-13T15:54:59","date_gmt":"2019-03-13T11:54:59","guid":{"rendered":"http:\/\/modernhospital.az\/newsite\/?page_id=785"},"modified":"2023-09-21T14:12:00","modified_gmt":"2023-09-21T10:12:00","slug":"40-yas-uzeri-kisiler-ucun-check-up","status":"publish","type":"page","link":"https:\/\/modernhospital.az\/newsite\/check-up\/40-yas-uzeri-kisiler-ucun-check-up\/","title":{"rendered":"40 ya\u015f \u00fcz\u0259ri ki\u015fil\u0259r \u00fc\u00e7\u00fcn check up"},"content":{"rendered":"<p>[vc_row][vc_column width=&#8221;1\/2&#8243;][vc_column_text]<\/p>\n<h2 dir=\"ltr\">40 ya\u015f \u00fcz\u0259ri ki\u015fil\u0259r \u00fc\u00e7\u00fcn check up<\/h2>\n<div>\n<ul>\n<li>\u00a0Terapevt m\u00fcayin\u0259si<\/li>\n<li>Uroloqun m\u00fcayin\u0259si<\/li>\n<li>Kardioloq m\u00fcayin\u0259si<\/li>\n<li>Q\u00dcA<\/li>\n<li>S\u00dcA<\/li>\n<li>USM (Tam abdomen)<\/li>\n<li>EKQ<\/li>\n<li>EXO Kardioqramma<\/li>\n<li>Qanda \u015f\u0259k\u0259r<\/li>\n<li>Xolesterol total<\/li>\n<li>Triqleserid<\/li>\n<li>ALT<\/li>\n<li>AST<\/li>\n<li>TSH<\/li>\n<li>Vitamin D<\/li>\n<li>Kreatinin<\/li>\n<li>Total PSA<\/li>\n<li>Hepatit B, C<\/li>\n<li>A\u011fciy\u0259rl\u0259r rentgenoskopiya<span class=\"text_exposed_show\"><br \/>\n<\/span><\/li>\n<\/ul>\n<\/div>\n<p>[\/vc_column_text][\/vc_column][vc_column width=&#8221;1\/2&#8243;][vc_single_image image=&#8221;3196&#8243; img_size=&#8221;full&#8221;][vc_empty_space]<div class=\"qodef-pricing-info \">\r\n    <div class=\"qodef-pricing-info-inner\">\r\n\t\t        <h3 class=\"qodef-pricing-info-title\">\r\n\t\t520    <\/h3>\r\n    <div class=\"qodef-pricing-info-pricing\">\r\n        <span class=\"qodef-value\">\u20bc<\/span>\r\n        <span class=\"qodef-price\">350<\/span>\r\n        <span class=\"qodef-mark\">monthly<\/span>\r\n    <\/div>\r\n    <div class=\"qodef-pricing-info-description\">\r\n\t\t    <\/div>\r\n\t<\/div>\r\n<\/div>[\/vc_column][\/vc_row]<\/p>\n","protected":false},"excerpt":{"rendered":"<p>[vc_row][vc_column width=&#8221;1\/2&#8243;][vc_column_text] 40 ya\u015f \u00fcz\u0259ri ki\u015fil\u0259r \u00fc\u00e7\u00fcn check up \u00a0Terapevt m\u00fcayin\u0259si Uroloqun m\u00fcayin\u0259si Kardioloq m\u00fcayin\u0259si Q\u00dcA S\u00dcA USM (Tam abdomen) EKQ EXO Kardioqramma Qanda \u015f\u0259k\u0259r Xolesterol total Triqleserid ALT AST TSH Vitamin D Kreatinin Total PSA Hepatit B, C A\u011fciy\u0259rl\u0259r rentgenoskopiya [\/vc_column_text][\/vc_column][vc_column width=&#8221;1\/2&#8243;][vc_single_image image=&#8221;3196&#8243; img_size=&#8221;full&#8221;][vc_empty_space][\/vc_column][\/vc_row]<\/p>\n","protected":false},"author":1,"featured_media":0,"parent":99,"menu_order":0,"comment_status":"closed","ping_status":"closed","template":"","meta":{"footnotes":""},"yoast_head":"<!-- This site is optimized with the Yoast SEO plugin v21.5 - https:\/\/yoast.com\/wordpress\/plugins\/seo\/ -->\r\n<title>40 ya\u015f \u00fcz\u0259ri ki\u015fil\u0259r \u00fc\u00e7\u00fcn check up - My CMS<\/title>\r\n<meta name=\"robots\" content=\"index, follow, max-snippet:-1, max-image-preview:large, max-video-preview:-1\" \/>\r\n<link rel=\"canonical\" href=\"https:\/\/modernhospital.az\/newsite\/check-up\/40-yas-uzeri-kisiler-ucun-check-up\/\" \/>\r\n<meta property=\"og:locale\" content=\"en_US\" \/>\r\n<meta property=\"og:type\" content=\"article\" \/>\r\n<meta property=\"og:title\" content=\"40 ya\u015f \u00fcz\u0259ri ki\u015fil\u0259r \u00fc\u00e7\u00fcn check up - My CMS\" \/>\r\n<meta property=\"og:description\" content=\"[vc_row][vc_column width=&#8221;1\/2&#8243;][vc_column_text] 40 ya\u015f \u00fcz\u0259ri ki\u015fil\u0259r \u00fc\u00e7\u00fcn check up \u00a0Terapevt m\u00fcayin\u0259si Uroloqun m\u00fcayin\u0259si Kardioloq m\u00fcayin\u0259si Q\u00dcA S\u00dcA USM (Tam abdomen) EKQ EXO Kardioqramma Qanda \u015f\u0259k\u0259r Xolesterol total Triqleserid ALT AST TSH Vitamin D Kreatinin Total PSA Hepatit B, C A\u011fciy\u0259rl\u0259r rentgenoskopiya [\/vc_column_text][\/vc_column][vc_column width=&#8221;1\/2&#8243;][vc_single_image image=&#8221;3196&#8243; img_size=&#8221;full&#8221;][vc_empty_space][\/vc_column][\/vc_row]\" \/>\r\n<meta property=\"og:url\" content=\"https:\/\/modernhospital.az\/newsite\/check-up\/40-yas-uzeri-kisiler-ucun-check-up\/\" \/>\r\n<meta property=\"og:site_name\" content=\"My CMS\" \/>\r\n<meta property=\"article:modified_time\" content=\"2023-09-21T10:12:00+00:00\" \/>\r\n<meta name=\"twitter:card\" content=\"summary_large_image\" \/>\r\n<script type=\"application\/ld+json\" class=\"yoast-schema-graph\">{\"@context\":\"https:\/\/schema.org\",\"@graph\":[{\"@type\":\"WebPage\",\"@id\":\"https:\/\/modernhospital.az\/newsite\/check-up\/40-yas-uzeri-kisiler-ucun-check-up\/\",\"url\":\"https:\/\/modernhospital.az\/newsite\/check-up\/40-yas-uzeri-kisiler-ucun-check-up\/\",\"name\":\"40 ya\u015f \u00fcz\u0259ri ki\u015fil\u0259r \u00fc\u00e7\u00fcn check up - My CMS\",\"isPartOf\":{\"@id\":\"https:\/\/modernhospital.az\/newsite\/#website\"},\"datePublished\":\"2019-03-13T11:54:59+00:00\",\"dateModified\":\"2023-09-21T10:12:00+00:00\",\"breadcrumb\":{\"@id\":\"https:\/\/modernhospital.az\/newsite\/check-up\/40-yas-uzeri-kisiler-ucun-check-up\/#breadcrumb\"},\"inLanguage\":\"en-US\",\"potentialAction\":[{\"@type\":\"ReadAction\",\"target\":[\"https:\/\/modernhospital.az\/newsite\/check-up\/40-yas-uzeri-kisiler-ucun-check-up\/\"]}]},{\"@type\":\"BreadcrumbList\",\"@id\":\"https:\/\/modernhospital.az\/newsite\/check-up\/40-yas-uzeri-kisiler-ucun-check-up\/#breadcrumb\",\"itemListElement\":[{\"@type\":\"ListItem\",\"position\":1,\"name\":\"Home\",\"item\":\"https:\/\/modernhospital.az\/newsite\/\"},{\"@type\":\"ListItem\",\"position\":2,\"name\":\"Check up\",\"item\":\"https:\/\/modernhospital.az\/newsite\/check-up\/\"},{\"@type\":\"ListItem\",\"position\":3,\"name\":\"40 ya\u015f \u00fcz\u0259ri ki\u015fil\u0259r \u00fc\u00e7\u00fcn check up\"}]},{\"@type\":\"WebSite\",\"@id\":\"https:\/\/modernhospital.az\/newsite\/#website\",\"url\":\"https:\/\/modernhospital.az\/newsite\/\",\"name\":\"My CMS\",\"description\":\"H\u0259yat\u0131n\u0131za d\u0259y\u0259r ver\u0259r\u0259k!\",\"publisher\":{\"@id\":\"https:\/\/modernhospital.az\/newsite\/#organization\"},\"potentialAction\":[{\"@type\":\"SearchAction\",\"target\":{\"@type\":\"EntryPoint\",\"urlTemplate\":\"https:\/\/modernhospital.az\/newsite\/?s={search_term_string}\"},\"query-input\":\"required name=search_term_string\"}],\"inLanguage\":\"en-US\"},{\"@type\":\"Organization\",\"@id\":\"https:\/\/modernhospital.az\/newsite\/#organization\",\"name\":\"My CMS\",\"url\":\"https:\/\/modernhospital.az\/newsite\/\",\"logo\":{\"@type\":\"ImageObject\",\"inLanguage\":\"en-US\",\"@id\":\"https:\/\/modernhospital.az\/newsite\/#\/schema\/logo\/image\/\",\"url\":\"https:\/\/modernhospital.az\/wp-content\/uploads\/2019\/04\/modern-hospital-logo-01.png\",\"contentUrl\":\"https:\/\/modernhospital.az\/wp-content\/uploads\/2019\/04\/modern-hospital-logo-01.png\",\"width\":1772,\"height\":591,\"caption\":\"My CMS\"},\"image\":{\"@id\":\"https:\/\/modernhospital.az\/newsite\/#\/schema\/logo\/image\/\"}}]}<\/script>\r\n<!-- \/ Yoast SEO plugin. -->","yoast_head_json":{"title":"40 ya\u015f \u00fcz\u0259ri ki\u015fil\u0259r \u00fc\u00e7\u00fcn check up - My CMS","robots":{"index":"index","follow":"follow","max-snippet":"max-snippet:-1","max-image-preview":"max-image-preview:large","max-video-preview":"max-video-preview:-1"},"canonical":"https:\/\/modernhospital.az\/newsite\/check-up\/40-yas-uzeri-kisiler-ucun-check-up\/","og_locale":"en_US","og_type":"article","og_title":"40 ya\u015f \u00fcz\u0259ri ki\u015fil\u0259r \u00fc\u00e7\u00fcn check up - My CMS","og_description":"[vc_row][vc_column width=&#8221;1\/2&#8243;][vc_column_text] 40 ya\u015f \u00fcz\u0259ri ki\u015fil\u0259r \u00fc\u00e7\u00fcn check up \u00a0Terapevt m\u00fcayin\u0259si Uroloqun m\u00fcayin\u0259si Kardioloq m\u00fcayin\u0259si Q\u00dcA S\u00dcA USM (Tam abdomen) EKQ EXO Kardioqramma Qanda \u015f\u0259k\u0259r Xolesterol total Triqleserid ALT AST TSH Vitamin D Kreatinin Total PSA Hepatit B, C A\u011fciy\u0259rl\u0259r rentgenoskopiya [\/vc_column_text][\/vc_column][vc_column width=&#8221;1\/2&#8243;][vc_single_image image=&#8221;3196&#8243; img_size=&#8221;full&#8221;][vc_empty_space][\/vc_column][\/vc_row]","og_url":"https:\/\/modernhospital.az\/newsite\/check-up\/40-yas-uzeri-kisiler-ucun-check-up\/","og_site_name":"My CMS","article_modified_time":"2023-09-21T10:12:00+00:00","twitter_card":"summary_large_image","schema":{"@context":"https:\/\/schema.org","@graph":[{"@type":"WebPage","@id":"https:\/\/modernhospital.az\/newsite\/check-up\/40-yas-uzeri-kisiler-ucun-check-up\/","url":"https:\/\/modernhospital.az\/newsite\/check-up\/40-yas-uzeri-kisiler-ucun-check-up\/","name":"40 ya\u015f \u00fcz\u0259ri ki\u015fil\u0259r \u00fc\u00e7\u00fcn check up - My CMS","isPartOf":{"@id":"https:\/\/modernhospital.az\/newsite\/#website"},"datePublished":"2019-03-13T11:54:59+00:00","dateModified":"2023-09-21T10:12:00+00:00","breadcrumb":{"@id":"https:\/\/modernhospital.az\/newsite\/check-up\/40-yas-uzeri-kisiler-ucun-check-up\/#breadcrumb"},"inLanguage":"en-US","potentialAction":[{"@type":"ReadAction","target":["https:\/\/modernhospital.az\/newsite\/check-up\/40-yas-uzeri-kisiler-ucun-check-up\/"]}]},{"@type":"BreadcrumbList","@id":"https:\/\/modernhospital.az\/newsite\/check-up\/40-yas-uzeri-kisiler-ucun-check-up\/#breadcrumb","itemListElement":[{"@type":"ListItem","position":1,"name":"Home","item":"https:\/\/modernhospital.az\/newsite\/"},{"@type":"ListItem","position":2,"name":"Check up","item":"https:\/\/modernhospital.az\/newsite\/check-up\/"},{"@type":"ListItem","position":3,"name":"40 ya\u015f \u00fcz\u0259ri ki\u015fil\u0259r \u00fc\u00e7\u00fcn check up"}]},{"@type":"WebSite","@id":"https:\/\/modernhospital.az\/newsite\/#website","url":"https:\/\/modernhospital.az\/newsite\/","name":"My CMS","description":"H\u0259yat\u0131n\u0131za d\u0259y\u0259r ver\u0259r\u0259k!","publisher":{"@id":"https:\/\/modernhospital.az\/newsite\/#organization"},"potentialAction":[{"@type":"SearchAction","target":{"@type":"EntryPoint","urlTemplate":"https:\/\/modernhospital.az\/newsite\/?s={search_term_string}"},"query-input":"required name=search_term_string"}],"inLanguage":"en-US"},{"@type":"Organization","@id":"https:\/\/modernhospital.az\/newsite\/#organization","name":"My CMS","url":"https:\/\/modernhospital.az\/newsite\/","logo":{"@type":"ImageObject","inLanguage":"en-US","@id":"https:\/\/modernhospital.az\/newsite\/#\/schema\/logo\/image\/","url":"https:\/\/modernhospital.az\/wp-content\/uploads\/2019\/04\/modern-hospital-logo-01.png","contentUrl":"https:\/\/modernhospital.az\/wp-content\/uploads\/2019\/04\/modern-hospital-logo-01.png","width":1772,"height":591,"caption":"My CMS"},"image":{"@id":"https:\/\/modernhospital.az\/newsite\/#\/schema\/logo\/image\/"}}]}},"jetpack_sharing_enabled":true,"_links":{"self":[{"href":"https:\/\/modernhospital.az\/newsite\/wp-json\/wp\/v2\/pages\/785"}],"collection":[{"href":"https:\/\/modernhospital.az\/newsite\/wp-json\/wp\/v2\/pages"}],"about":[{"href":"https:\/\/modernhospital.az\/newsite\/wp-json\/wp\/v2\/types\/page"}],"author":[{"embeddable":true,"href":"https:\/\/modernhospital.az\/newsite\/wp-json\/wp\/v2\/users\/1"}],"replies":[{"embeddable":true,"href":"https:\/\/modernhospital.az\/newsite\/wp-json\/wp\/v2\/comments?post=785"}],"version-history":[{"count":8,"href":"https:\/\/modernhospital.az\/newsite\/wp-json\/wp\/v2\/pages\/785\/revisions"}],"predecessor-version":[{"id":3938,"href":"https:\/\/modernhospital.az\/newsite\/wp-json\/wp\/v2\/pages\/785\/revisions\/3938"}],"up":[{"embeddable":true,"href":"https:\/\/modernhospital.az\/newsite\/wp-json\/wp\/v2\/pages\/99"}],"wp:attachment":[{"href":"https:\/\/modernhospital.az\/newsite\/wp-json\/wp\/v2\/media?parent=785"}],"curies":[{"name":"wp","href":"https:\/\/api.w.org\/{rel}","templated":true}]}}